{"id":74,"date":"2021-06-16T21:56:23","date_gmt":"2021-06-16T21:56:23","guid":{"rendered":"http:\/\/gradosuperiorfinanzas.gregoriofer.com\/?page_id=74"},"modified":"2021-06-21T22:01:59","modified_gmt":"2021-06-21T22:01:59","slug":"modulos-del-ciclo-2","status":"publish","type":"page","link":"https:\/\/gradosuperiorfinanzas.gregoriofer.com\/?page_id=74","title":{"rendered":"M\u00f3dulos del ciclo &#8211; Administraci\u00f3n y finanzas"},"content":{"rendered":"\t\t<div data-elementor-type=\"wp-page\" data-elementor-id=\"74\" class=\"elementor elementor-74\" data-elementor-settings=\"[]\">\n\t\t\t\t\t\t\t<div class=\"elementor-section-wrap\">\n\t\t\t\t\t\t\t<section class=\"elementor-section elementor-top-section elementor-element elementor-element-d4f94eb elementor-section-boxed elementor-section-height-default elementor-section-height-default\" data-id=\"d4f94eb\" data-element_type=\"section\">\n\t\t\t\t\t\t<div class=\"elementor-container elementor-column-gap-default\">\n\t\t\t\t\t<div class=\"elementor-column elementor-col-100 elementor-top-column elementor-element elementor-element-67828de\" data-id=\"67828de\" data-element_type=\"column\">\n\t\t\t<div class=\"elementor-widget-wrap elementor-element-populated\">\n\t\t\t\t\t\t\t\t<div class=\"elementor-element elementor-element-c0b942e elementor-widget elementor-widget-image\" data-id=\"c0b942e\" data-element_type=\"widget\" data-widget_type=\"image.default\">\n\t\t\t\t<div class=\"elementor-widget-container\">\n\t\t\t\t\t\t\t\t\t\t\t\t\t\t\t<img decoding=\"async\" src=\"https:\/\/gradosuperiorfinanzas.gregoriofer.com\/wp-content\/uploads\/2021\/06\/icono-ADFI.png\" title=\"icono-ADFI\" alt=\"icono-ADFI\" \/>\t\t\t\t\t\t\t\t\t\t\t\t\t\t\t<\/div>\n\t\t\t\t<\/div>\n\t\t\t\t<div class=\"elementor-element elementor-element-3707b2a elementor-widget elementor-widget-spacer\" data-id=\"3707b2a\" data-element_type=\"widget\" data-widget_type=\"spacer.default\">\n\t\t\t\t<div class=\"elementor-widget-container\">\n\t\t\t\t\t<div class=\"elementor-spacer\">\n\t\t\t<div class=\"elementor-spacer-inner\"><\/div>\n\t\t<\/div>\n\t\t\t\t<\/div>\n\t\t\t\t<\/div>\n\t\t\t\t<div class=\"elementor-element elementor-element-ffd211b elementor-widget elementor-widget-heading\" data-id=\"ffd211b\" data-element_type=\"widget\" data-widget_type=\"heading.default\">\n\t\t\t\t<div class=\"elementor-widget-container\">\n\t\t\t<h1 class=\"elementor-heading-title elementor-size-xl\">M\u00d3DULOS DEL CICLO EN ADMINISTRACI\u00d3N Y FINANZAS<\/h1>\t\t<\/div>\n\t\t\t\t<\/div>\n\t\t\t\t\t<\/div>\n\t\t<\/div>\n\t\t\t\t\t\t\t<\/div>\n\t\t<\/section>\n\t\t\t\t<section class=\"elementor-section elementor-top-section elementor-element elementor-element-bf2ed15 elementor-section-full_width elementor-section-height-default elementor-section-height-default\" data-id=\"bf2ed15\" data-element_type=\"section\">\n\t\t\t\t\t\t<div class=\"elementor-container elementor-column-gap-default\">\n\t\t\t\t\t<div class=\"elementor-column elementor-col-100 elementor-top-column elementor-element elementor-element-b319ba2\" data-id=\"b319ba2\" data-element_type=\"column\">\n\t\t\t<div class=\"elementor-widget-wrap elementor-element-populated\">\n\t\t\t\t\t\t\t\t<div class=\"elementor-element elementor-element-744ca0f elementor-widget elementor-widget-spacer\" data-id=\"744ca0f\" data-element_type=\"widget\" data-widget_type=\"spacer.default\">\n\t\t\t\t<div class=\"elementor-widget-container\">\n\t\t\t\t\t<div class=\"elementor-spacer\">\n\t\t\t<div class=\"elementor-spacer-inner\"><\/div>\n\t\t<\/div>\n\t\t\t\t<\/div>\n\t\t\t\t<\/div>\n\t\t\t\t<div class=\"elementor-element elementor-element-a386616 elementor-widget elementor-widget-shortcode\" data-id=\"a386616\" data-element_type=\"widget\" data-widget_type=\"shortcode.default\">\n\t\t\t\t<div class=\"elementor-widget-container\">\n\t\t\t\t\t<div class=\"elementor-shortcode\">\n<table id=\"tablepress-2\" class=\"tablepress tablepress-id-2\">\n<thead>\n<tr class=\"row-1 odd\">\n\t<th class=\"column-1\">&nbsp;<\/th><th class=\"column-2\">&nbsp;<\/th><th class=\"column-3\">&nbsp;<\/th><th class=\"column-4\">&nbsp;<\/th><th class=\"column-5\">ADMINISTRACI\u00d3N Y FINANZAS<\/th><th class=\"column-6\">&nbsp;<\/th><th class=\"column-7\">&nbsp;<\/th>\n<\/tr>\n<\/thead>\n<tbody class=\"row-hover\">\n<tr class=\"row-2 even\">\n\t<td class=\"column-1\"><\/td><td class=\"column-2\"><\/td><td class=\"column-3\">M\u00d3DULOS PROFESIONALES<\/td><td class=\"column-4\">Duraci\u00f3n del curr\u00edculo (horas)<\/td><td class=\"column-5\">Centro Educativo<\/td><td class=\"column-6\"><\/td><td class=\"column-7\">Centro de Trabajo<\/td>\n<\/tr>\n<tr class=\"row-3 odd\">\n\t<td class=\"column-1\"><\/td><td class=\"column-2\"><\/td><td class=\"column-3\"><\/td><td class=\"column-4\"><\/td><td class=\"column-5\">Horas \/ Semana<\/td><td class=\"column-6\"><\/td><td class=\"column-7\"><\/td>\n<\/tr>\n<tr class=\"row-4 even\">\n\t<td class=\"column-1\"><\/td><td class=\"column-2\"><\/td><td class=\"column-3\"><\/td><td class=\"column-4\"><\/td><td class=\"column-5\">1er Curso<\/td><td class=\"column-6\">2\u00ba Curso<\/td><td class=\"column-7\">2\u00ba Curso<\/td>\n<\/tr>\n<tr class=\"row-5 odd\">\n\t<td class=\"column-1\"><\/td><td class=\"column-2\"><\/td><td class=\"column-3\"><\/td><td class=\"column-4\"><\/td><td class=\"column-5\"><\/td><td class=\"column-6\">(1er y 2\u00ba trim.)<\/td><td class=\"column-7\">(3er trim.)<\/td>\n<\/tr>\n<tr class=\"row-6 even\">\n\t<td class=\"column-1\"><\/td><td class=\"column-2\"><\/td><td class=\"column-3\">0647. Gesti\u00f3n de la documentaci\u00f3n jur\u00eddica y empresarial<\/td><td class=\"column-4\">96<\/td><td class=\"column-5\">3<\/td><td class=\"column-6\">\u2013<\/td><td class=\"column-7\">\u2013<\/td>\n<\/tr>\n<tr class=\"row-7 odd\">\n\t<td class=\"column-1\"><\/td><td class=\"column-2\"><\/td><td class=\"column-3\">0648. Recursos humanos y responsabilidad social corporativa<\/td><td class=\"column-4\">64<\/td><td class=\"column-5\">2<\/td><td class=\"column-6\">\u2013<\/td><td class=\"column-7\">\u2013<\/td>\n<\/tr>\n<tr class=\"row-8 even\">\n\t<td class=\"column-1\"><\/td><td class=\"column-2\"><\/td><td class=\"column-3\">0649. Ofim\u00e1tica y proceso de la informaci\u00f3n.<\/td><td class=\"column-4\">224<\/td><td class=\"column-5\">7<\/td><td class=\"column-6\">\u2013<\/td><td class=\"column-7\">\u2013<\/td>\n<\/tr>\n<tr class=\"row-9 odd\">\n\t<td class=\"column-1\"><\/td><td class=\"column-2\"><\/td><td class=\"column-3\">0650. Proceso integral de la actividad comercial<\/td><td class=\"column-4\">160<\/td><td class=\"column-5\">5<\/td><td class=\"column-6\"><\/td><td class=\"column-7\"><\/td>\n<\/tr>\n<tr class=\"row-10 even\">\n\t<td class=\"column-1\"><\/td><td class=\"column-2\"><\/td><td class=\"column-3\">0651. Comunicaci\u00f3n y atenci\u00f3n al cliente.<\/td><td class=\"column-4\">160<\/td><td class=\"column-5\">5<\/td><td class=\"column-6\">\u2013<\/td><td class=\"column-7\">\u2013<\/td>\n<\/tr>\n<tr class=\"row-11 odd\">\n\t<td class=\"column-1\"><\/td><td class=\"column-2\"><\/td><td class=\"column-3\">0179. Ingl\u00e9s.<\/td><td class=\"column-4\">160<\/td><td class=\"column-5\">5<\/td><td class=\"column-6\">\u2013<\/td><td class=\"column-7\">\u2013<\/td>\n<\/tr>\n<tr class=\"row-12 even\">\n\t<td class=\"column-1\"><\/td><td class=\"column-2\"><\/td><td class=\"column-3\">0652. Gesti\u00f3n de recursos humanos<\/td><td class=\"column-4\">84<\/td><td class=\"column-5\">\u2013<\/td><td class=\"column-6\">4<\/td><td class=\"column-7\">\u2013<\/td>\n<\/tr>\n<tr class=\"row-13 odd\">\n\t<td class=\"column-1\"><\/td><td class=\"column-2\"><\/td><td class=\"column-3\">0653. Gesti\u00f3n financiera<\/td><td class=\"column-4\">147<\/td><td class=\"column-5\">\u2013<\/td><td class=\"column-6\">7<\/td><td class=\"column-7\">\u2013<\/td>\n<\/tr>\n<tr class=\"row-14 even\">\n\t<td class=\"column-1\"><\/td><td class=\"column-2\"><\/td><td class=\"column-3\">0654. Contabilidad y fiscalidad<\/td><td class=\"column-4\">147<\/td><td class=\"column-5\">\u2013<\/td><td class=\"column-6\">7<\/td><td class=\"column-7\">\u2013<\/td>\n<\/tr>\n<tr class=\"row-15 odd\">\n\t<td class=\"column-1\"><\/td><td class=\"column-2\"><\/td><td class=\"column-3\">0655. Gesti\u00f3n log\u00edstica y comercial<\/td><td class=\"column-4\">105<\/td><td class=\"column-5\">\u2013<\/td><td class=\"column-6\">5<\/td><td class=\"column-7\">\u2013<\/td>\n<\/tr>\n<tr class=\"row-16 even\">\n\t<td class=\"column-1\"><\/td><td class=\"column-2\"><\/td><td class=\"column-3\">0656. Simulaci\u00f3n empresarial<\/td><td class=\"column-4\">147<\/td><td class=\"column-5\">\u2013<\/td><td class=\"column-6\">7<\/td><td class=\"column-7\">\u2013<\/td>\n<\/tr>\n<tr class=\"row-17 odd\">\n\t<td class=\"column-1\"><\/td><td class=\"column-2\"><\/td><td class=\"column-3\">0657. Proyecto de administraci\u00f3n y finanzas<\/td><td class=\"column-4\">30<\/td><td class=\"column-5\">\u2013<\/td><td class=\"column-6\">\u2013<\/td><td class=\"column-7\">30 horas<\/td>\n<\/tr>\n<tr class=\"row-18 even\">\n\t<td class=\"column-1\"><\/td><td class=\"column-2\"><\/td><td class=\"column-3\">0658. Formaci\u00f3n y orientaci\u00f3n laboral.<\/td><td class=\"column-4\">96<\/td><td class=\"column-5\">3<\/td><td class=\"column-6\">\u2013<\/td><td class=\"column-7\"><\/td>\n<\/tr>\n<tr class=\"row-19 odd\">\n\t<td class=\"column-1\"><\/td><td class=\"column-2\"><\/td><td class=\"column-3\">0660. Formaci\u00f3n en centros de trabajo<\/td><td class=\"column-4\">380<\/td><td class=\"column-5\">\u2013<\/td><td class=\"column-6\">\u2013<\/td><td class=\"column-7\">380 horas<\/td>\n<\/tr>\n<tr class=\"row-20 even\">\n\t<td class=\"column-1\"><\/td><td class=\"column-2\"><\/td><td class=\"column-3\">TOTAL<\/td><td class=\"column-4\">2000<\/td><td class=\"column-5\">30<\/td><td class=\"column-6\">30<\/td><td class=\"column-7\">418<\/td>\n<\/tr>\n<\/tbody>\n<\/table>\n<\/div>\n\t\t\t\t<\/div>\n\t\t\t\t<\/div>\n\t\t\t\t\t<\/div>\n\t\t<\/div>\n\t\t\t\t\t\t\t<\/div>\n\t\t<\/section>\n\t\t\t\t<section class=\"elementor-section elementor-top-section elementor-element elementor-element-37e863e elementor-section-full_width elementor-section-height-default elementor-section-height-default\" data-id=\"37e863e\" data-element_type=\"section\">\n\t\t\t\t\t\t<div class=\"elementor-container elementor-column-gap-default\">\n\t\t\t\t\t<div class=\"elementor-column elementor-col-100 elementor-top-column elementor-element elementor-element-44038a0\" data-id=\"44038a0\" data-element_type=\"column\">\n\t\t\t<div class=\"elementor-widget-wrap elementor-element-populated\">\n\t\t\t\t\t\t\t\t<div class=\"elementor-element elementor-element-ce0bc1b elementor-widget elementor-widget-spacer\" data-id=\"ce0bc1b\" data-element_type=\"widget\" data-widget_type=\"spacer.default\">\n\t\t\t\t<div class=\"elementor-widget-container\">\n\t\t\t\t\t<div class=\"elementor-spacer\">\n\t\t\t<div class=\"elementor-spacer-inner\"><\/div>\n\t\t<\/div>\n\t\t\t\t<\/div>\n\t\t\t\t<\/div>\n\t\t\t\t<div class=\"elementor-element elementor-element-98d6acf elementor-shape-rounded elementor-grid-0 e-grid-align-center elementor-widget elementor-widget-social-icons\" data-id=\"98d6acf\" data-element_type=\"widget\" data-widget_type=\"social-icons.default\">\n\t\t\t\t<div class=\"elementor-widget-container\">\n\t\t\t\t\t<div class=\"elementor-social-icons-wrapper elementor-grid\">\n\t\t\t\t\t\t\t<div class=\"elementor-grid-item\">\n\t\t\t\t\t<a class=\"elementor-icon elementor-social-icon elementor-social-icon-facebook elementor-animation-grow elementor-repeater-item-977d4d8\" href=\"https:\/\/www.facebook.com\/cecgregoriofe\" target=\"_blank\">\n\t\t\t\t\t\t<span class=\"elementor-screen-only\">Facebook<\/span>\n\t\t\t\t\t\t<i class=\"fab fa-facebook\"><\/i>\t\t\t\t\t<\/a>\n\t\t\t\t<\/div>\n\t\t\t\t\t\t\t<div class=\"elementor-grid-item\">\n\t\t\t\t\t<a class=\"elementor-icon elementor-social-icon elementor-social-icon-twitter elementor-animation-grow elementor-repeater-item-37b0127\" href=\"https:\/\/twitter.com\/gregorioferva\" target=\"_blank\">\n\t\t\t\t\t\t<span class=\"elementor-screen-only\">Twitter<\/span>\n\t\t\t\t\t\t<i class=\"fab fa-twitter\"><\/i>\t\t\t\t\t<\/a>\n\t\t\t\t<\/div>\n\t\t\t\t\t\t\t<div class=\"elementor-grid-item\">\n\t\t\t\t\t<a class=\"elementor-icon elementor-social-icon elementor-social-icon-youtube elementor-animation-grow elementor-repeater-item-f40314a\" href=\"https:\/\/www.youtube.com\/channel\/UCIzNFN5U5BjGEFYIatT6mgA\/playlists\" target=\"_blank\">\n\t\t\t\t\t\t<span class=\"elementor-screen-only\">Youtube<\/span>\n\t\t\t\t\t\t<i class=\"fab fa-youtube\"><\/i>\t\t\t\t\t<\/a>\n\t\t\t\t<\/div>\n\t\t\t\t\t\t\t<div class=\"elementor-grid-item\">\n\t\t\t\t\t<a class=\"elementor-icon elementor-social-icon elementor-social-icon-instagram elementor-animation-grow elementor-repeater-item-8d176a7\" href=\"https:\/\/www.instagram.com\/cegregoriofer\/?hl=es\" target=\"_blank\">\n\t\t\t\t\t\t<span class=\"elementor-screen-only\">Instagram<\/span>\n\t\t\t\t\t\t<i class=\"fab fa-instagram\"><\/i>\t\t\t\t\t<\/a>\n\t\t\t\t<\/div>\n\t\t\t\t\t<\/div>\n\t\t\t\t<\/div>\n\t\t\t\t<\/div>\n\t\t\t\t\t<\/div>\n\t\t<\/div>\n\t\t\t\t\t\t\t<\/div>\n\t\t<\/section>\n\t\t\t\t\t\t<\/div>\n\t\t\t\t\t<\/div>\n\t\t","protected":false},"excerpt":{"rendered":"<p>M\u00d3DULOS DEL CICLO EN ADMINISTRACI\u00d3N Y FINANZAS Facebook Twitter Youtube Instagram<\/p>\n","protected":false},"author":1,"featured_media":0,"parent":0,"menu_order":0,"comment_status":"closed","ping_status":"closed","template":"elementor_header_footer","meta":{"_genesis_hide_title":false,"_genesis_hide_breadcrumbs":false,"_genesis_hide_singular_image":false,"_genesis_hide_footer_widgets":false,"_genesis_custom_body_class":"","_genesis_custom_post_class":"","_genesis_layout":"","footnotes":""},"class_list":{"0":"post-74","1":"page","2":"type-page","3":"status-publish","5":"entry"},"yoast_head":"<!-- This site is optimized with the Yoast SEO plugin v16.5 - https:\/\/yoast.com\/wordpress\/plugins\/seo\/ -->\n<title>M\u00f3dulos del ciclo - Administraci\u00f3n y finanzas -<\/title>\n<meta name=\"robots\" content=\"index, follow, max-snippet:-1, max-image-preview:large, max-video-preview:-1\" \/>\n<link rel=\"canonical\" href=\"https:\/\/gradosuperiorfinanzas.gregoriofer.com\/?page_id=74\" \/>\n<meta property=\"og:locale\" content=\"es_ES\" \/>\n<meta property=\"og:type\" content=\"article\" \/>\n<meta property=\"og:title\" content=\"M\u00f3dulos del ciclo - Administraci\u00f3n y finanzas -\" \/>\n<meta property=\"og:description\" content=\"M\u00d3DULOS DEL CICLO EN ADMINISTRACI\u00d3N Y FINANZAS Facebook Twitter Youtube Instagram\" \/>\n<meta property=\"og:url\" content=\"https:\/\/gradosuperiorfinanzas.gregoriofer.com\/?page_id=74\" \/>\n<meta property=\"article:modified_time\" content=\"2021-06-21T22:01:59+00:00\" \/>\n<meta property=\"og:image\" content=\"http:\/\/gradosuperiorfinanzas.gregoriofer.com\/wp-content\/uploads\/2021\/06\/icono-ADFI.png\" \/>\n<meta name=\"twitter:card\" content=\"summary_large_image\" \/>\n<meta name=\"twitter:label1\" content=\"Tiempo de lectura\" \/>\n\t<meta name=\"twitter:data1\" content=\"1 minuto\" \/>\n<script type=\"application\/ld+json\" class=\"yoast-schema-graph\">{\"@context\":\"https:\/\/schema.org\",\"@graph\":[{\"@type\":\"WebSite\",\"@id\":\"https:\/\/gradosuperiorfinanzas.gregoriofer.com\/#website\",\"url\":\"https:\/\/gradosuperiorfinanzas.gregoriofer.com\/\",\"name\":\"\",\"description\":\"\",\"potentialAction\":[{\"@type\":\"SearchAction\",\"target\":\"https:\/\/gradosuperiorfinanzas.gregoriofer.com\/?s={search_term_string}\",\"query-input\":\"required name=search_term_string\"}],\"inLanguage\":\"es\"},{\"@type\":\"ImageObject\",\"@id\":\"https:\/\/gradosuperiorfinanzas.gregoriofer.com\/?page_id=74#primaryimage\",\"inLanguage\":\"es\",\"url\":\"http:\/\/gradosuperiorfinanzas.gregoriofer.com\/wp-content\/uploads\/2021\/06\/icono-ADFI.png\",\"contentUrl\":\"http:\/\/gradosuperiorfinanzas.gregoriofer.com\/wp-content\/uploads\/2021\/06\/icono-ADFI.png\"},{\"@type\":\"WebPage\",\"@id\":\"https:\/\/gradosuperiorfinanzas.gregoriofer.com\/?page_id=74#webpage\",\"url\":\"https:\/\/gradosuperiorfinanzas.gregoriofer.com\/?page_id=74\",\"name\":\"M\\u00f3dulos del ciclo - Administraci\\u00f3n y finanzas -\",\"isPartOf\":{\"@id\":\"https:\/\/gradosuperiorfinanzas.gregoriofer.com\/#website\"},\"primaryImageOfPage\":{\"@id\":\"https:\/\/gradosuperiorfinanzas.gregoriofer.com\/?page_id=74#primaryimage\"},\"datePublished\":\"2021-06-16T21:56:23+00:00\",\"dateModified\":\"2021-06-21T22:01:59+00:00\",\"breadcrumb\":{\"@id\":\"https:\/\/gradosuperiorfinanzas.gregoriofer.com\/?page_id=74#breadcrumb\"},\"inLanguage\":\"es\",\"potentialAction\":[{\"@type\":\"ReadAction\",\"target\":[\"https:\/\/gradosuperiorfinanzas.gregoriofer.com\/?page_id=74\"]}]},{\"@type\":\"BreadcrumbList\",\"@id\":\"https:\/\/gradosuperiorfinanzas.gregoriofer.com\/?page_id=74#breadcrumb\",\"itemListElement\":[{\"@type\":\"ListItem\",\"position\":1,\"name\":\"Portada\",\"item\":\"https:\/\/gradosuperiorfinanzas.gregoriofer.com\/\"},{\"@type\":\"ListItem\",\"position\":2,\"name\":\"M\\u00f3dulos del ciclo &#8211; Administraci\\u00f3n y finanzas\"}]}]}<\/script>\n<!-- \/ Yoast SEO plugin. -->","amp_enabled":true,"_links":{"self":[{"href":"https:\/\/gradosuperiorfinanzas.gregoriofer.com\/index.php?rest_route=\/wp\/v2\/pages\/74","targetHints":{"allow":["GET"]}}],"collection":[{"href":"https:\/\/gradosuperiorfinanzas.gregoriofer.com\/index.php?rest_route=\/wp\/v2\/pages"}],"about":[{"href":"https:\/\/gradosuperiorfinanzas.gregoriofer.com\/index.php?rest_route=\/wp\/v2\/types\/page"}],"author":[{"embeddable":true,"href":"https:\/\/gradosuperiorfinanzas.gregoriofer.com\/index.php?rest_route=\/wp\/v2\/users\/1"}],"replies":[{"embeddable":true,"href":"https:\/\/gradosuperiorfinanzas.gregoriofer.com\/index.php?rest_route=%2Fwp%2Fv2%2Fcomments&post=74"}],"version-history":[{"count":27,"href":"https:\/\/gradosuperiorfinanzas.gregoriofer.com\/index.php?rest_route=\/wp\/v2\/pages\/74\/revisions"}],"predecessor-version":[{"id":460,"href":"https:\/\/gradosuperiorfinanzas.gregoriofer.com\/index.php?rest_route=\/wp\/v2\/pages\/74\/revisions\/460"}],"wp:attachment":[{"href":"https:\/\/gradosuperiorfinanzas.gregoriofer.com\/index.php?rest_route=%2Fwp%2Fv2%2Fmedia&parent=74"}],"curies":[{"name":"wp","href":"https:\/\/api.w.org\/{rel}","templated":true}]}}