{"id":90,"date":"2021-06-16T22:00:06","date_gmt":"2021-06-16T22:00:06","guid":{"rendered":"http:\/\/gradosuperiorfinanzas.gregoriofer.com\/?page_id=90"},"modified":"2021-06-21T21:46:40","modified_gmt":"2021-06-21T21:46:40","slug":"modulos-del-ciclo-3","status":"publish","type":"page","link":"https:\/\/gradosuperiorfinanzas.gregoriofer.com\/?page_id=90","title":{"rendered":"M\u00f3dulos del ciclo ADFI a distancia"},"content":{"rendered":"\t\t<div data-elementor-type=\"wp-page\" data-elementor-id=\"90\" class=\"elementor elementor-90\" data-elementor-settings=\"[]\">\n\t\t\t\t\t\t\t<div class=\"elementor-section-wrap\">\n\t\t\t\t\t\t\t<section class=\"elementor-section elementor-top-section elementor-element elementor-element-0b1bfe9 elementor-section-full_width elementor-section-height-default elementor-section-height-default\" data-id=\"0b1bfe9\" data-element_type=\"section\">\n\t\t\t\t\t\t<div class=\"elementor-container elementor-column-gap-default\">\n\t\t\t\t\t<div class=\"elementor-column elementor-col-100 elementor-top-column elementor-element elementor-element-2855bad\" data-id=\"2855bad\" data-element_type=\"column\">\n\t\t\t<div class=\"elementor-widget-wrap elementor-element-populated\">\n\t\t\t\t\t\t\t\t<div class=\"elementor-element elementor-element-c9245bd elementor-widget elementor-widget-image\" data-id=\"c9245bd\" data-element_type=\"widget\" data-widget_type=\"image.default\">\n\t\t\t\t<div class=\"elementor-widget-container\">\n\t\t\t\t\t\t\t\t\t\t\t\t\t\t\t<img decoding=\"async\" src=\"https:\/\/gradosuperiorfinanzas.gregoriofer.com\/wp-content\/uploads\/2021\/06\/icono-ADFI.png\" title=\"icono-ADFI\" alt=\"icono-ADFI\" \/>\t\t\t\t\t\t\t\t\t\t\t\t\t\t\t<\/div>\n\t\t\t\t<\/div>\n\t\t\t\t<div class=\"elementor-element elementor-element-a4cc2f4 elementor-widget elementor-widget-spacer\" data-id=\"a4cc2f4\" data-element_type=\"widget\" data-widget_type=\"spacer.default\">\n\t\t\t\t<div class=\"elementor-widget-container\">\n\t\t\t\t\t<div class=\"elementor-spacer\">\n\t\t\t<div class=\"elementor-spacer-inner\"><\/div>\n\t\t<\/div>\n\t\t\t\t<\/div>\n\t\t\t\t<\/div>\n\t\t\t\t<div class=\"elementor-element elementor-element-b402b30 elementor-widget elementor-widget-heading\" data-id=\"b402b30\" data-element_type=\"widget\" data-widget_type=\"heading.default\">\n\t\t\t\t<div class=\"elementor-widget-container\">\n\t\t\t<h1 class=\"elementor-heading-title elementor-size-xl\">M\u00d3DULOS DEL CICLO EN ADFI A DISTANCIA<\/h1>\t\t<\/div>\n\t\t\t\t<\/div>\n\t\t\t\t\t<\/div>\n\t\t<\/div>\n\t\t\t\t\t\t\t<\/div>\n\t\t<\/section>\n\t\t\t\t<section class=\"elementor-section elementor-top-section elementor-element elementor-element-8cd77b3 elementor-section-boxed elementor-section-height-default elementor-section-height-default\" data-id=\"8cd77b3\" data-element_type=\"section\">\n\t\t\t\t\t\t<div class=\"elementor-container elementor-column-gap-default\">\n\t\t\t\t\t<div class=\"elementor-column elementor-col-100 elementor-top-column elementor-element elementor-element-bad657b\" data-id=\"bad657b\" data-element_type=\"column\">\n\t\t\t<div class=\"elementor-widget-wrap elementor-element-populated\">\n\t\t\t\t\t\t\t\t<div class=\"elementor-element elementor-element-9e60d75 elementor-widget elementor-widget-spacer\" data-id=\"9e60d75\" data-element_type=\"widget\" data-widget_type=\"spacer.default\">\n\t\t\t\t<div class=\"elementor-widget-container\">\n\t\t\t\t\t<div class=\"elementor-spacer\">\n\t\t\t<div class=\"elementor-spacer-inner\"><\/div>\n\t\t<\/div>\n\t\t\t\t<\/div>\n\t\t\t\t<\/div>\n\t\t\t\t<div class=\"elementor-element elementor-element-f15cefa elementor-widget elementor-widget-shortcode\" data-id=\"f15cefa\" data-element_type=\"widget\" data-widget_type=\"shortcode.default\">\n\t\t\t\t<div class=\"elementor-widget-container\">\n\t\t\t\t\t<div class=\"elementor-shortcode\">\n<table id=\"tablepress-3\" class=\"tablepress tablepress-id-3\">\n<thead>\n<tr class=\"row-1 odd\">\n\t<th class=\"column-1\">&nbsp;<\/th><th class=\"column-2\">&nbsp;<\/th><th class=\"column-3\">ADMINISTRACI\u00d3N Y FINANZAS A DISTANCIA<\/th><th class=\"column-4\">&nbsp;<\/th><th class=\"column-5\">&nbsp;<\/th>\n<\/tr>\n<\/thead>\n<tbody class=\"row-hover\">\n<tr class=\"row-2 even\">\n\t<td class=\"column-1\">M\u00d3DULOS PROFESIONALES<\/td><td class=\"column-2\">Duraci\u00f3n del curr\u00edculo (horas)<\/td><td class=\"column-3\">Centro Educativo<\/td><td class=\"column-4\"><\/td><td class=\"column-5\">Centro de Trabajo<\/td>\n<\/tr>\n<tr class=\"row-3 odd\">\n\t<td class=\"column-1\"><\/td><td class=\"column-2\"><\/td><td class=\"column-3\">Horas \/ Semana<\/td><td class=\"column-4\"><\/td><td class=\"column-5\"><\/td>\n<\/tr>\n<tr class=\"row-4 even\">\n\t<td class=\"column-1\"><\/td><td class=\"column-2\"><\/td><td class=\"column-3\">1er Curso<\/td><td class=\"column-4\">2\u00ba Curso<\/td><td class=\"column-5\">2\u00ba Curso<\/td>\n<\/tr>\n<tr class=\"row-5 odd\">\n\t<td class=\"column-1\"><\/td><td class=\"column-2\"><\/td><td class=\"column-3\"><\/td><td class=\"column-4\">(1er y 2\u00ba trim.)<\/td><td class=\"column-5\">(3er trim.)<\/td>\n<\/tr>\n<tr class=\"row-6 even\">\n\t<td class=\"column-1\">0647. Gesti\u00f3n de la documentaci\u00f3n jur\u00eddica y empresarial<\/td><td class=\"column-2\">96<\/td><td class=\"column-3\">3<\/td><td class=\"column-4\">\u2013<\/td><td class=\"column-5\">\u2013<\/td>\n<\/tr>\n<tr class=\"row-7 odd\">\n\t<td class=\"column-1\">0648. Recursos humanos y responsabilidad social corporativa<\/td><td class=\"column-2\">64<\/td><td class=\"column-3\">2<\/td><td class=\"column-4\">\u2013<\/td><td class=\"column-5\">\u2013<\/td>\n<\/tr>\n<tr class=\"row-8 even\">\n\t<td class=\"column-1\">0649. Ofim\u00e1tica y proceso de la informaci\u00f3n.<\/td><td class=\"column-2\">224<\/td><td class=\"column-3\">7<\/td><td class=\"column-4\">\u2013<\/td><td class=\"column-5\">\u2013<\/td>\n<\/tr>\n<tr class=\"row-9 odd\">\n\t<td class=\"column-1\">0650. Proceso integral de la actividad comercial<\/td><td class=\"column-2\">160<\/td><td class=\"column-3\">5<\/td><td class=\"column-4\"><\/td><td class=\"column-5\"><\/td>\n<\/tr>\n<tr class=\"row-10 even\">\n\t<td class=\"column-1\">0651. Comunicaci\u00f3n y atenci\u00f3n al cliente.<\/td><td class=\"column-2\">160<\/td><td class=\"column-3\">5<\/td><td class=\"column-4\">\u2013<\/td><td class=\"column-5\">\u2013<\/td>\n<\/tr>\n<tr class=\"row-11 odd\">\n\t<td class=\"column-1\">0179. Ingl\u00e9s.<\/td><td class=\"column-2\">160<\/td><td class=\"column-3\">5<\/td><td class=\"column-4\">\u2013<\/td><td class=\"column-5\">\u2013<\/td>\n<\/tr>\n<tr class=\"row-12 even\">\n\t<td class=\"column-1\">0652. Gesti\u00f3n de recursos humanos<\/td><td class=\"column-2\">84<\/td><td class=\"column-3\">\u2013<\/td><td class=\"column-4\">4<\/td><td class=\"column-5\">\u2013<\/td>\n<\/tr>\n<tr class=\"row-13 odd\">\n\t<td class=\"column-1\">0653. Gesti\u00f3n financiera<\/td><td class=\"column-2\">147<\/td><td class=\"column-3\">\u2013<\/td><td class=\"column-4\">7<\/td><td class=\"column-5\">\u2013<\/td>\n<\/tr>\n<tr class=\"row-14 even\">\n\t<td class=\"column-1\">0654. Contabilidad y fiscalidad<\/td><td class=\"column-2\">147<\/td><td class=\"column-3\">\u2013<\/td><td class=\"column-4\">7<\/td><td class=\"column-5\">\u2013<\/td>\n<\/tr>\n<tr class=\"row-15 odd\">\n\t<td class=\"column-1\">0655. Gesti\u00f3n log\u00edstica y comercial<\/td><td class=\"column-2\">105<\/td><td class=\"column-3\">\u2013<\/td><td class=\"column-4\">5<\/td><td class=\"column-5\">\u2013<\/td>\n<\/tr>\n<tr class=\"row-16 even\">\n\t<td class=\"column-1\">0656. Simulaci\u00f3n empresarial<\/td><td class=\"column-2\">147<\/td><td class=\"column-3\">\u2013<\/td><td class=\"column-4\">7<\/td><td class=\"column-5\">\u2013<\/td>\n<\/tr>\n<tr class=\"row-17 odd\">\n\t<td class=\"column-1\">0657. Proyecto de administraci\u00f3n y finanzas<\/td><td class=\"column-2\">30<\/td><td class=\"column-3\">\u2013<\/td><td class=\"column-4\">\u2013<\/td><td class=\"column-5\">30 horas<\/td>\n<\/tr>\n<tr class=\"row-18 even\">\n\t<td class=\"column-1\">0658. Formaci\u00f3n y orientaci\u00f3n laboral.<\/td><td class=\"column-2\">96<\/td><td class=\"column-3\">3<\/td><td class=\"column-4\">\u2013<\/td><td class=\"column-5\"><\/td>\n<\/tr>\n<tr class=\"row-19 odd\">\n\t<td class=\"column-1\">0660. Formaci\u00f3n en centros de trabajo<\/td><td class=\"column-2\">380<\/td><td class=\"column-3\">\u2013<\/td><td class=\"column-4\">\u2013<\/td><td class=\"column-5\">380 horas<\/td>\n<\/tr>\n<tr class=\"row-20 even\">\n\t<td class=\"column-1\">TOTAL<\/td><td class=\"column-2\">2000<\/td><td class=\"column-3\">30<\/td><td class=\"column-4\">30<\/td><td class=\"column-5\">418<\/td>\n<\/tr>\n<\/tbody>\n<\/table>\n<!-- #tablepress-3 from cache --><\/div>\n\t\t\t\t<\/div>\n\t\t\t\t<\/div>\n\t\t\t\t<div class=\"elementor-element elementor-element-f592993 elementor-widget elementor-widget-spacer\" data-id=\"f592993\" data-element_type=\"widget\" data-widget_type=\"spacer.default\">\n\t\t\t\t<div class=\"elementor-widget-container\">\n\t\t\t\t\t<div class=\"elementor-spacer\">\n\t\t\t<div class=\"elementor-spacer-inner\"><\/div>\n\t\t<\/div>\n\t\t\t\t<\/div>\n\t\t\t\t<\/div>\n\t\t\t\t<div class=\"elementor-element elementor-element-c46d7d8 elementor-shape-rounded elementor-grid-0 e-grid-align-center elementor-widget elementor-widget-social-icons\" data-id=\"c46d7d8\" data-element_type=\"widget\" data-widget_type=\"social-icons.default\">\n\t\t\t\t<div class=\"elementor-widget-container\">\n\t\t\t\t\t<div class=\"elementor-social-icons-wrapper elementor-grid\">\n\t\t\t\t\t\t\t<div class=\"elementor-grid-item\">\n\t\t\t\t\t<a class=\"elementor-icon elementor-social-icon elementor-social-icon-facebook elementor-animation-grow elementor-repeater-item-1f9ad25\" href=\"https:\/\/www.facebook.com\/cecgregoriofe\" target=\"_blank\">\n\t\t\t\t\t\t<span class=\"elementor-screen-only\">Facebook<\/span>\n\t\t\t\t\t\t<i class=\"fab fa-facebook\"><\/i>\t\t\t\t\t<\/a>\n\t\t\t\t<\/div>\n\t\t\t\t\t\t\t<div class=\"elementor-grid-item\">\n\t\t\t\t\t<a class=\"elementor-icon elementor-social-icon elementor-social-icon-twitter elementor-animation-grow elementor-repeater-item-6e51776\" href=\"https:\/\/twitter.com\/gregorioferva\" target=\"_blank\">\n\t\t\t\t\t\t<span class=\"elementor-screen-only\">Twitter<\/span>\n\t\t\t\t\t\t<i class=\"fab fa-twitter\"><\/i>\t\t\t\t\t<\/a>\n\t\t\t\t<\/div>\n\t\t\t\t\t\t\t<div class=\"elementor-grid-item\">\n\t\t\t\t\t<a class=\"elementor-icon elementor-social-icon elementor-social-icon-youtube elementor-animation-grow elementor-repeater-item-6e591a3\" href=\"https:\/\/www.youtube.com\/channel\/UCIzNFN5U5BjGEFYIatT6mgA\/playlists\" target=\"_blank\">\n\t\t\t\t\t\t<span class=\"elementor-screen-only\">Youtube<\/span>\n\t\t\t\t\t\t<i class=\"fab fa-youtube\"><\/i>\t\t\t\t\t<\/a>\n\t\t\t\t<\/div>\n\t\t\t\t\t\t\t<div class=\"elementor-grid-item\">\n\t\t\t\t\t<a class=\"elementor-icon elementor-social-icon elementor-social-icon-instagram elementor-animation-grow elementor-repeater-item-f281743\" href=\"https:\/\/www.instagram.com\/cegregoriofer\/?hl=es\" target=\"_blank\">\n\t\t\t\t\t\t<span class=\"elementor-screen-only\">Instagram<\/span>\n\t\t\t\t\t\t<i class=\"fab fa-instagram\"><\/i>\t\t\t\t\t<\/a>\n\t\t\t\t<\/div>\n\t\t\t\t\t<\/div>\n\t\t\t\t<\/div>\n\t\t\t\t<\/div>\n\t\t\t\t\t<\/div>\n\t\t<\/div>\n\t\t\t\t\t\t\t<\/div>\n\t\t<\/section>\n\t\t\t\t\t\t<\/div>\n\t\t\t\t\t<\/div>\n\t\t","protected":false},"excerpt":{"rendered":"<p>M\u00d3DULOS DEL CICLO EN ADFI A DISTANCIA Facebook Twitter Youtube Instagram<\/p>\n","protected":false},"author":1,"featured_media":0,"parent":0,"menu_order":0,"comment_status":"closed","ping_status":"closed","template":"elementor_header_footer","meta":{"_genesis_hide_title":false,"_genesis_hide_breadcrumbs":false,"_genesis_hide_singular_image":false,"_genesis_hide_footer_widgets":false,"_genesis_custom_body_class":"","_genesis_custom_post_class":"","_genesis_layout":"","footnotes":""},"class_list":{"0":"post-90","1":"page","2":"type-page","3":"status-publish","5":"entry"},"yoast_head":"<!-- This site is optimized with the Yoast SEO plugin v16.5 - https:\/\/yoast.com\/wordpress\/plugins\/seo\/ -->\n<title>M\u00f3dulos del ciclo ADFI a distancia -<\/title>\n<meta name=\"robots\" content=\"index, follow, max-snippet:-1, max-image-preview:large, max-video-preview:-1\" \/>\n<link rel=\"canonical\" href=\"https:\/\/gradosuperiorfinanzas.gregoriofer.com\/?page_id=90\" \/>\n<meta property=\"og:locale\" content=\"es_ES\" \/>\n<meta property=\"og:type\" content=\"article\" \/>\n<meta property=\"og:title\" content=\"M\u00f3dulos del ciclo ADFI a distancia -\" \/>\n<meta property=\"og:description\" content=\"M\u00d3DULOS DEL CICLO EN ADFI A DISTANCIA Facebook Twitter Youtube Instagram\" \/>\n<meta property=\"og:url\" content=\"https:\/\/gradosuperiorfinanzas.gregoriofer.com\/?page_id=90\" \/>\n<meta property=\"article:modified_time\" content=\"2021-06-21T21:46:40+00:00\" \/>\n<meta property=\"og:image\" content=\"http:\/\/gradosuperiorfinanzas.gregoriofer.com\/wp-content\/uploads\/elementor\/thumbs\/icono-ADFI-p8wrhca4j21zshv0imfmbsj2c8kn724a2p1zvu9log.png\" \/>\n<meta name=\"twitter:card\" content=\"summary_large_image\" \/>\n<meta name=\"twitter:label1\" content=\"Tiempo de lectura\" \/>\n\t<meta name=\"twitter:data1\" content=\"1 minuto\" \/>\n<script type=\"application\/ld+json\" class=\"yoast-schema-graph\">{\"@context\":\"https:\/\/schema.org\",\"@graph\":[{\"@type\":\"WebSite\",\"@id\":\"https:\/\/gradosuperiorfinanzas.gregoriofer.com\/#website\",\"url\":\"https:\/\/gradosuperiorfinanzas.gregoriofer.com\/\",\"name\":\"\",\"description\":\"\",\"potentialAction\":[{\"@type\":\"SearchAction\",\"target\":\"https:\/\/gradosuperiorfinanzas.gregoriofer.com\/?s={search_term_string}\",\"query-input\":\"required name=search_term_string\"}],\"inLanguage\":\"es\"},{\"@type\":\"ImageObject\",\"@id\":\"https:\/\/gradosuperiorfinanzas.gregoriofer.com\/?page_id=90#primaryimage\",\"inLanguage\":\"es\",\"url\":\"http:\/\/gradosuperiorfinanzas.gregoriofer.com\/wp-content\/uploads\/elementor\/thumbs\/icono-ADFI-p8wrhca4j21zshv0imfmbsj2c8kn724a2p1zvu9log.png\",\"contentUrl\":\"http:\/\/gradosuperiorfinanzas.gregoriofer.com\/wp-content\/uploads\/elementor\/thumbs\/icono-ADFI-p8wrhca4j21zshv0imfmbsj2c8kn724a2p1zvu9log.png\"},{\"@type\":\"WebPage\",\"@id\":\"https:\/\/gradosuperiorfinanzas.gregoriofer.com\/?page_id=90#webpage\",\"url\":\"https:\/\/gradosuperiorfinanzas.gregoriofer.com\/?page_id=90\",\"name\":\"M\\u00f3dulos del ciclo ADFI a distancia -\",\"isPartOf\":{\"@id\":\"https:\/\/gradosuperiorfinanzas.gregoriofer.com\/#website\"},\"primaryImageOfPage\":{\"@id\":\"https:\/\/gradosuperiorfinanzas.gregoriofer.com\/?page_id=90#primaryimage\"},\"datePublished\":\"2021-06-16T22:00:06+00:00\",\"dateModified\":\"2021-06-21T21:46:40+00:00\",\"breadcrumb\":{\"@id\":\"https:\/\/gradosuperiorfinanzas.gregoriofer.com\/?page_id=90#breadcrumb\"},\"inLanguage\":\"es\",\"potentialAction\":[{\"@type\":\"ReadAction\",\"target\":[\"https:\/\/gradosuperiorfinanzas.gregoriofer.com\/?page_id=90\"]}]},{\"@type\":\"BreadcrumbList\",\"@id\":\"https:\/\/gradosuperiorfinanzas.gregoriofer.com\/?page_id=90#breadcrumb\",\"itemListElement\":[{\"@type\":\"ListItem\",\"position\":1,\"name\":\"Portada\",\"item\":\"https:\/\/gradosuperiorfinanzas.gregoriofer.com\/\"},{\"@type\":\"ListItem\",\"position\":2,\"name\":\"M\\u00f3dulos del ciclo ADFI a distancia\"}]}]}<\/script>\n<!-- \/ Yoast SEO plugin. -->","amp_enabled":true,"_links":{"self":[{"href":"https:\/\/gradosuperiorfinanzas.gregoriofer.com\/index.php?rest_route=\/wp\/v2\/pages\/90","targetHints":{"allow":["GET"]}}],"collection":[{"href":"https:\/\/gradosuperiorfinanzas.gregoriofer.com\/index.php?rest_route=\/wp\/v2\/pages"}],"about":[{"href":"https:\/\/gradosuperiorfinanzas.gregoriofer.com\/index.php?rest_route=\/wp\/v2\/types\/page"}],"author":[{"embeddable":true,"href":"https:\/\/gradosuperiorfinanzas.gregoriofer.com\/index.php?rest_route=\/wp\/v2\/users\/1"}],"replies":[{"embeddable":true,"href":"https:\/\/gradosuperiorfinanzas.gregoriofer.com\/index.php?rest_route=%2Fwp%2Fv2%2Fcomments&post=90"}],"version-history":[{"count":19,"href":"https:\/\/gradosuperiorfinanzas.gregoriofer.com\/index.php?rest_route=\/wp\/v2\/pages\/90\/revisions"}],"predecessor-version":[{"id":493,"href":"https:\/\/gradosuperiorfinanzas.gregoriofer.com\/index.php?rest_route=\/wp\/v2\/pages\/90\/revisions\/493"}],"wp:attachment":[{"href":"https:\/\/gradosuperiorfinanzas.gregoriofer.com\/index.php?rest_route=%2Fwp%2Fv2%2Fmedia&parent=90"}],"curies":[{"name":"wp","href":"https:\/\/api.w.org\/{rel}","templated":true}]}}